ist the prime factors of z(k).
2, 5
Let c(s) = -s**3 + 18*s**2 + 12*s + 9. What are the prime factors of c(18)?
3, 5
Let b(d) = -2*d + 1. Let r(k) = -1. Let o(u) = -b(u) + 5*r(u). Let a be o(4). Suppose -a*z - 2*j = -3*z + 18, -2*j + 48 = 2*z. List the prime factors of z.
2, 11
Let j(h) = -8*h**3 - h. Let r be j(1). Let l be 1*15*(-6)/r. Suppose 5*k - l - 35 = 0. What are the prime factors of k?
3
Let n(m) = 7*m**3 + 1. Let j be n(-1). What are the prime factors of 20 + 2/((-4)/j)?
23
Let m = -22 - -25. Suppose 127 = 4*d - m*k, 3*d = -2*k - 2*k + 64. What are the prime factors of d?
2, 7
Let r = -17 + 20. List the prime factors of r.
3
Let q = -28 - -48. Let b = 45 - q. What are the prime factors of b?
5
Suppose 3*w - 14 = z + 9, 0 = 3*w - 2*z - 28. List the prime factors of w/(18/4 - 3).
2
Let j(l) = 2*l + 9. Let f be j(-6). Let k(r) = r**2 - 3*r - 4. List the prime factors of k(f).
2, 7
Let o = 103 + -61. List the prime factors of o.
2, 3, 7
Let m(h) = 3*h - 5. Suppose 3*q - 2*r = -0*r + 15, -5*q = -r - 25. What are the prime factors of m(q)?
2, 5
Let c(r) = 2*r**2 + 9*r + 5. Let w be c(-6). Let j be (-2)/7 - w/(-7). Suppose 5*d + 16 = 1, j*i = -3*d. What are the prime factors of i?
3
List the prime factors of 1854/6 - 6*-1.
3, 5, 7
Suppose -3*i + 0*i - 9 = 0. Let v = i + 8. List the prime factors of v.
5
Let w(d) = d**2 - 16*d - 4. List the prime factors of w(26).
2
Suppose 4 + 151 = 5*z. What are the prime factors of z?
31
Let c = -7 + 9. Suppose -8 = c*d, -a - 144 = -5*a + 2*d. List the prime factors of a.
2, 17
Let t be ((-4)/5)/(6/(-45)). Suppose w + w = t. List the prime factors of w.
3
Let i = 8 + -3. List the prime factors of i.
5
Let u(y) = -1 - 1 - y**3 + 20*y**2 - 13*y**2 - 5*y. What are the prime factors of u(6)?
2
Suppose 0 = 3*f - 6*f + 114. Suppose i - 45 = -3*m, f = 5*m - 2*i - 37. List the prime factors of m.
3, 5
Let l(x) = 33*x**2. What are the prime factors of l(1)?
3, 11
Suppose u = -3*u + 16. Let h be (-8)/(-36) + u/(-18). Suppose 7*f = -2*k + 2*f + 17, h = 2*k - 5*f - 7. List the prime factors of k.
2, 3
Suppose 13 + 97 = -5*x - 2*g, -3*g + 45 = -3*x. List the prime factors of x/4*28/(-10).
2, 7
Let o be ((-2)/(-7))/((-3)/(-21)). Suppose -r - o = 0, -r = -y - y + 12. Suppose -c + 12 + y = 0. List the prime factors of c.
17
Let m = -101 + 360. What are the prime factors of m?
7, 37
Suppose 0 = -2*i + 4*i - 2. Suppose -9 = -5*c + i. List the prime factors of c.
2
Suppose -3*b = -5*v - 0*b - 32, -3*v = b + 8. Let f(m) = m**2 - 5*m - 10. Let o be f(-4). What are the prime factors of (o/v + -1)*-2?
3, 5
Suppose -3*v + 113 = 5. What are the prime factors of v?
2, 3
Let o(g) = -g**3 - 6*g**2 + 4*g - 10. Let k be 1/((-1)/2) - 5. Let j be o(k). Suppose j = z + 5. List the prime factors of z.
2, 3
Let c(m) = 2*m**2 + m + 5. Let k be c(-4). Suppose r - h = 4*r - 53, 0 = 3*r - 3*h - k. What are the prime factors of r?
2
Let u be 27 - 2 - (4 - 3). What are the prime factors of 9/4 - 6/u?
2
Suppose f = -b - 4*f + 6, -22 = 5*b - f. What are the prime factors of 1533/91 + b/(-26)?
17
Let f = -4 + 5. List the prime factors of 1 - 0 - (f + -3).
3
Suppose 44*y = 38*y + 1386. List the prime factors of y.
3, 7, 11
Suppose -f + 9 = -2*d, 0*d + 3*f - 3 = -2*d. Let a(m) = -3*m - 6. Let b(z) = 2*z + 3. Let o(v) = d*a(v) - 5*b(v). What are the prime factors of o(-4)?
7
Let n(l) = l**2 + 4*l + 4. Let w be n(-5). Suppose w = 2*a + 3*b, b - 5 - 2 = -2*a. What are the prime factors of (-2)/(-3)*9/a?
2
Let j(t) = -t**2 - t - 4. Let a be j(3). Let m = -10 - a. List the prime factors of m.
2, 3
Suppose -i + 60 - 2 = 0. What are the prime factors of i?
2, 29
Suppose 3*l + 2*o - 4 = 8, -2*l = 3*o - 8. Let k(n) = 4*n - 6. What are the prime factors of k(l)?
2, 5
Let u = 1 - -46. What are the prime factors of (-8)/(-32) + u/4?
2, 3
Suppose f = 4*f + 4*p + 60, -4*f + p - 80 = 0. List the prime factors of 4/f - (-312)/10.
31
Suppose -10 = 3*b + 5*x, -2*x = -0*x + 10. Suppose 0*c - a = -2*c + 26, -4*c = -b*a - 52. List the prime factors of c.
13
Let x(o) = 2*o + 1. Let n(m) = m. Let k(y) = -6*n(y) - x(y). What are the prime factors of k(-2)?
3, 5
Suppose -m + 3 = 2*w, 0*w - 2*w + 5*m + 33 = 0. List the prime factors of 1 + -2*w*-1.
3
Let x(l) = -l**3 + 13*l**2 - 6*l - 14. Let o be x(12). Suppose -19 + o = f. List the prime factors of f.
3, 13
Let m(c) = 5*c + 3. Let r(s) = -s - 7. Let v be r(-13). What are the prime factors of m(v)?
3, 11
Suppose -6*v = -4*u - v, u = -3*v + 17. Let w(p) = 2*p - 1 + 4 + 3*p - 3*p. List the prime factors of w(u).
13
Let s(d) = -d**3 + 99. List the prime factors of s(0).
3, 11
Let h(v) = 2*v**3 - 4*v**2 - 15*v - 1. Let d(m) = m**3 - 2*m**2 - 7*m. Let y(g) = 5*d(g) - 2*h(g). What are the prime factors of y(5)?
2, 13
What are the prime factors of 38*(-4)/(-5 - -1)?
2, 19
Let f(d) = 42*d - 6. Let z be f(6). What are the prime factors of 2/(-3) + z/18?
13
Let p = 11 - 9. Suppose -z + p = -2. List the prime factors of z.
2
Let p(l) = 2*l**3 + 2*l**2 - 2*l - 3. Let s be p(-2). Let k = -4 - s. Suppose k*d = -0*d + 57. List the prime factors of d.
19
Let d = -21 + 31. Suppose -2*f - 4*z + 8*z = -d, -z - 2 = 0. What are the prime factors of -1 + f + 22/2?
11
Let m = -12 + 18. Suppose u + 2*u = m. Suppose 4*q - 10 = u*q. List the prime factors of q.
5
Let n be (-1)/(-2 - 20/(-12)). Suppose o = 5*o - n*j - 116, -98 = -3*o + 5*j. What are the prime factors of o?
2, 13
Let s(w) = w**3 - 9*w**2 + 10*w - 12. Let i be s(8). Suppose -i*c - 12 = 0, -o - c - 3 = -5*o. Suppose 2*k - 6*k + 76 = o. List the prime factors of k.
19
Let c(a) = -a**3 - 13*a**2 - 11*a + 14. List the prime factors of c(-12).
2
What are the prime factors of (0 + 2 + 0)*12?
2, 3
What are the prime factors of 6/(4/(-152)*-2)?
2, 3, 19
Suppose -5*p = -4*f + 125, -2*f - 96 = -5*f + 3*p. List the prime factors of f.
5, 7
Let y(o) = -o**3 - 11*o**2 + 11*o - 8. Let n be y(-12). Let l = -1 + n. What are the prime factors of l?
3
Suppose 0 = a + 16 + 2. Let o = a + 51. What are the prime factors of o?
3, 11
Let c(s) = -4*s**3 - 2*s - 1. Let f be c(-1). Let m(h) = -h + 11. List the prime factors of m(f).
2, 3
Let u be 66 + -3 + 3 + -4. Let t = -37 + u. What are the prime factors of t?
5
Suppose 8 = x - 20. Let o = x + 3. Let b = o - 16. List the prime factors of b.
3, 5
Suppose 5*j - 15 = 0, 5*u - 2*j + 5*j = 24. Let w be 2/u*(-63)/(-6). Suppose 5*g - w = -o + 27, 5 = -5*o. List the prime factors of g.
7
Suppose 0 = -0*l - 3*l + 6. Let z = -6 + l. Let c(i) = -i**3 - 4*i**2 - i + 1. List the prime factors of c(z).
5
Let c(h) = 5*h - 14. Let a(t) = 49*t - 140. Let n(d) = -2*a(d) + 21*c(d). List the prime factors of n(6).
2, 7
Let p(q) = -7*q - 6. What are the prime factors of p(-4)?
2, 11
Suppose -2 = -9*y + 10*y. Let x(j) = 4*j**2 + 2*j. List the prime factors of x(y).
2, 3
Suppose 3*y + 1 = -8. Suppose -3*h - 1 = -4. Let j = h - y. List the prime factors of j.
2
Suppose b + 10 = 3*b. Suppose -69 = 2*y - b*y. What are the prime factors of y?
23
Suppose -x - 12 = 13. Let o = -20 + x. What are the prime factors of o/20*16/(-6)?
2, 3
Suppose 0 = 10*s - 5*s - 270. What are the prime factors of s?
2, 3
Let n(x) = 0*x - x + 8*x**2 - 2*x**2 + x**3. Let w be n(-6). Let d = 13 - w. What are the prime factors of d?
7
Let t(g) = g**3 + 11*g**2 - 13*g - 2. List the prime factors of t(-12).
2, 5
Let k(q) = -10*q + 3. What are the prime factors of k(-5)?
53
Let t(q) = 7*q - 7. Let n be t(5). Let b be (-3)/(-6)*6 - 0. Suppose b*d + d - n = 0. What are the prime factors of d?
7
Suppose -60 = -2*n - 2*i, -4*i - 15 = -i. Let l = n - 25. Let q = l - 4. List the prime factors of q.
2, 3
Let i(w) = -w**2 - 5*w - 2. Let b be i(-2). Suppose 0 = b*s - 72. What are the prime factors of s?
2, 3
Suppose 5*m = 4*x - 26, x + 6 = -3*m - 2*m. Let y = x - 2. List the prime factors of (y/6)/((-2)/(-12)).
2
Let d be (0/(-3))/(-3) - -1. Let a = 1 + d. Suppose 4*t = a*h + 10, 3*t - 10 = -0*t + h. List the prime factors of t.
5
Suppose 0 = -2*u - 4*g + 4, 2*u + u - 11 = -5*g. Suppose -3 = -5*w + u. What are the prime factors of w?
3
Suppose -i = -0*i - 2. Let p(g) = 10*g - 1. What are the prime factors of p(i)?
19
Suppose -165 = -2*s - 3*s. What are the prime factors of s?
3, 11
Let u(h) = -h**3 + 8*h**2 - 2*h - 4.